16831927 prime?
False
Is 16118603099 prime?
True
Is 35645119 prime?
False
Is 1907908711 a composite number?
True
Is 7954980983 composite?
False
Is 10563546449 prime?
True
Is 52098790517 a prime number?
False
Is 2725293371 prime?
True
Is 159038659 a prime number?
False
Is 1179390911 composite?
False
Is 14196313555 a composite number?
True
Is 2540744383 a composite number?
False
Is 52289306569 prime?
True
Is 1172772457 a prime number?
False
Is 459348287 a prime number?
True
Is 2670840239 prime?
True
Is 142260103759 a composite number?
False
Is 2651056691 composite?
False
Is 4820316803 a composite number?
False
Is 27589658333 a prime number?
True
Is 365240329 prime?
True
Is 2765200499 prime?
True
Is 1795944481 a prime number?
False
Is 6917733411 prime?
False
Is 30071346479 a prime number?
True
Is 26768584855 prime?
False
Is 35230083211 a composite number?
True
Is 903094909 a prime number?
False
Is 4319197523 composite?
False
Is 88123284629 prime?
True
Is 2411660773 a prime number?
False
Is 47289481 composite?
False
Is 106361057509 a composite number?
True
Is 1872241901 composite?
False
Is 1871832467 a composite number?
True
Is 3505144571 composite?
True
Is 1021664587 composite?
False
Is 2104488011 a composite number?
True
Is 5137315329 prime?
False
Is 10627536683 a composite number?
False
Is 13112105761 a composite number?
False
Is 90932189 composite?
False
Is 114372793 composite?
False
Is 2023590279 prime?
False
Is 55890858221 composite?
True
Is 522189719 a composite number?
True
Is 1914805181 prime?
True
Is 9803843561 a prime number?
True
Is 107314315129 prime?
False
Is 36573142381 prime?
True
Is 6816923699 prime?
True
Is 4930246043 prime?
False
Is 1100641463 composite?
False
Is 20835139307 a composite number?
False
Is 17951389007 a prime number?
True
Is 1621289561 prime?
True
Is 10604440601 a composite number?
True
Is 7670534743 prime?
False
Is 17541208897 a composite number?
True
Is 8355076493 a prime number?
True
Is 1761642293 a prime number?
False
Is 5143923797 prime?
True
Is 164439265 composite?
True
Is 13932339523 composite?
False
Is 5920455239 composite?
False
Is 2811418957 composite?
False
Is 1569968383 composite?
False
Is 5804976271 prime?
False
Is 20050280431 a composite number?
False
Is 302772373 a prime number?
False
Is 8580717151 a prime number?
True
Is 824934787 a prime number?
False
Is 161486341 prime?
True
Is 120297818881 composite?
True
Is 10073676289 composite?
False
Is 735305507 a prime number?
True
Is 10729973213 a prime number?
True
Is 24891866111 composite?
True
Is 6705296233 a prime number?
False
Is 5174005699 a composite number?
True
Is 10977450983 a composite number?
False
Is 5520679 composite?
True
Is 53501678473 a composite number?
False
Is 33505875631 a composite number?
True
Is 2419010657 composite?
True
Is 367967161 prime?
False
Is 2232580151 prime?
True
Is 1005104131 composite?
True
Is 28754308033 composite?
True
Is 2600831771 composite?
False
Is 2509391681 a composite number?
False
Is 341475577 prime?
True
Is 3895382339 composite?
False
Is 7069569121 composite?
False
Is 42604271623 a prime number?
True
Is 260636393 composite?
False
Is 40686572237 composite?
False
Is 1730866009 a prime number?
False
Is 6002251817 a composite number?
False
Is 1530174566 a prime number?
False
Is 2224922138 prime?
False
Is 2401886923 a prime number?
False
Is 4319297393 a composite number?
False
Is 3199876973 a prime number?
True
Is 2049201383 prime?
True
Is 8484097703 a prime number?
False
Is 50455572179 composite?
True
Is 62798759 a composite number?
True
Is 893306347 prime?
True
Is 2684265251 a composite number?
True
Is 1735961449 a prime number?
False
Is 66076156579 a composite number?
True
Is 85611733 a prime number?
False
Is 35812434737 composite?
False
Is 33822965677 a composite number?
True
Is 3206733599 a prime number?
True
Is 236381875827 prime?
False
Is 182190705767 a composite number?
True
Is 124494401959 composite?
False
Is 3422978219 a composite number?
False
Is 9001257637 a prime number?
False
Is 4693302503 a prime number?
True
Is 3371178869 a composite number?
True
Is 21459975769 a prime number?
True
Is 19195613 a prime number?
True
Is 39270564731 composite?
False
Is 5358417563 composite?
True
Is 13741225651 a composite number?
True
Is 10479878183 a prime number?
False
Is 8199751 a composite number?
True
Is 52906301093 a prime number?
False
Is 3076182751 a composite number?
False
Is 187864462 prime?
False
Is 445919261 a prime number?
False
Is 55210934171 prime?
False
Is 6067179889 prime?
True
Is 366655049 a composite number?
False
Is 202004076751 prime?
False
Is 986345813 prime?
True
Is 347060069 composite?
True
Is 3949196521 a composite number?
False
Is 347384515 a prime number?
False
Is 3108713093 prime?
True
Is 2164592543 a composite number?
False
Is 744921403 prime?
False
Is 9531463 composite?
True
Is 130810997 composite?
True
Is 4707662987 prime?
False
Is 287844671 prime?
True
Is 2556563797 composite?
False
Is 4371183767 a composite number?
False
Is 3476347585 a prime number?
False
Is 5020740289 a prime number?
True
Is 337716217 prime?
True
Is 1363129205 composite?
True
Is 71031071 a composite number?
False
Is 1149836227 a prime number?
False
Is 122259417313 prime?
False
Is 18266367629 composite?
False
Is 2463005971 prime?
True
Is 15079623157 prime?
False
Is 93759795979 a composite number?
True
Is 4769676211 a prime number?
True
Is 3028639219 a prime number?
False
Is 15426986453 a prime number?
True
Is 10776672617 prime?
True
Is 449785214689 a prime number?
True
Is 7782349867 a composite number?
True
Is 1925167961 composite?
False
Is 1071880993 a prime number?
True
Is 5334192229 prime?
False
Is 522997429 a prime number?
False
Is 1004844391 prime?
False
Is 1363880842 a composite number?
True
Is 11771076883 a prime number?
True
Is 2554012417 a composite number?
True
Is 438805559 prime?
False
Is 58139820839 prime?
True
Is 1713099259 a composite number?
True
Is 1907146001 a prime number?
True
Is 57365326979 prime?
True
Is 2426585299 prime?
True
Is 1664750849 prime?
True
Is 97363358479 a composite number?
False
Is 7177327 a composite number?
False
Is 749933297 a prime number?
True
Is 9253941017 composite?
True
Is 1512361 a prime number?
True
Is 259958147 prime?
False
Is 231950687 composite?
True
Is 6612665719 composite?
True
Is 1276597109 a prime number?
True
Is 1359494701 a composite number?
False
Is 355801637 composite?
False
Is 2250905555 prime?
False
Is 3480236699 composite?
False
Is 32040287269 prime?
True
Is 11257204919 a composite number?
True
Is 4574060434 a composite number?
True
Is 7506238379 composite?
False
Is 1006430539 a composite number?
False
Is 25713585349 prime?
False
Is 31348897 prime?
True
Is 75511601051 a composite number?
False
Is 963951199 composite?
False
Is 808687757 composite?
False
Is 31753069 composite?
False
Is 15672606809 prime?
True
Is 58672974307 prime?
False
Is 6695601961 prime?
False
Is 12798473943 a prime number?
False
Is 2374648387 a prime number?
False
Is 2737145791 composite?
False
Is 3445818539 a prime number?
True
Is 3084031529 composite?
False
Is 975132899 prime?
False
Is 7096898951 a composite number?
False
Is 30430834253 prime?
True
Is 6143151169 prime?
True
Is 21262066169 prime?
False
Is 1559892577 a prime number?
True
Is 21872087 prime?
True
Is 336841159 a prime number?
True
Is 5932013819 a prime number?
True
Is 46821401267 composite?
True
Is 569181169 a composite number?
True
Is 629030737 composite?
False
Is 19557834151 prime?
False
Is 1101421733 prime?
True
Is 9448447381 composite?
False
Is 3335871307 a composite number?
False
Is 6767308723 a prime number?
False
Is 14475739879 a composite number?
True
Is 28330389341 prime?
True
Is 209059021 prime?
True
Is 2993290483 a composite number?
True
Is 5779970153 a composite number?
False
Is 11538882727 prime?
True
Is 3808533389 a composite number?
False
Is 1675550297 a composite number?
True
Is 17116610501 prime?
True
Is 251412991 composite?
True
Is 4708508885 a prime number?
False
Is 13089954191 a composite number?
True
Is 1633784023 composite?
False
Is 225733553 a prime number?
True
Is 3056766793 composite?
False
Is 127731617683 a composite number?
False
Is 487807009 a composite number?
False
Is 1105640311 prime?
False
Is 7